c - 7. Let n(k) = 4*k + 11. Let o = -19 + 26. Let u(i) = o*t(i) + 5*n(i). Calculate u(3).
3
Let a(z) be the first derivative of -z**3/3 + 4*z**2 - 15*z + 126. Determine a(6).
-3
Let h(b) = 7*b**2 + 3*b**3 - 9 + 3*b + 2 - 2*b**3. Let n be 4 - ((16 + -5 - 8) + 7). Determine h(n).
11
Suppose 80*j = 86*j - 30. Let l(p) = p**2 - 3*p. Determine l(j).
10
Let g = 12 + -10. Let w(y) = y**3 - 6*y**2 - 9*y + 14. Let b be w(7). Suppose 2 + b = -g*j. Let h(m) = 7*m**3 + m**2 + m. Determine h(j).
-7
Suppose -3*g = -2*g - 4*o + 9, -3*g = -2*o - 3. Let f = 63 - 61. Let q(v) = -2 + 5 - 5 + f*v. Determine q(g).
4
Let p be 6/36*(-11 - -41). Let k(n) be the second derivative of -n**4/12 + 5*n**3/6 - 5*n**2/2 - n. Give k(p).
-5
Let t(y) = y**3 - 2*y**2 - 2*y - 1. Let d(f) = f**3 + 11*f**2 + 3. Let l = -8 + -3. Let v be d(l). Suppose -6 = w - v*w. Determine t(w).
2
Let m(o) = o**2 + o - 5. Let g(j) = -2*j**2 - 2*j + 6. Let f(i) = 2*g(i) + 3*m(i). Let t = -45 - -42. What is f(t)?
-9
Let f(u) = -5*u**3 + 6*u - 3. Let x(r) = 2*r**3 - r + 1. Let o(s) = f(s) + 2*x(s). Calculate o(3).
-16
Let q(v) be the first derivative of -2*v**2 - 4*v - 4/3*v**3 - 2 - 1/4*v**4. Calculate q(-3).
-1
Let v(b) = -4*b - 3. Let q(w) = -3*w**2 - 12*w + 18. Let y be q(-5). What is v(y)?
-15
Let a = -7 - -6. Let h(z) be the first derivative of 4*z - 2*z - 3*z**2 + 6 - 2*z. Give h(a).
6
Let g(k) = k**3 - 3*k**2 - 4*k + 2. Let o(m) = -m**3 - 6*m**2 + 5*m - 10. Suppose 0 = 2*t + 4, -z - 3*t + 15 = -4*z. Let y be o(z). Determine g(y).
2
Let o(b) = -b**2 + 3*b - 8. Let r(c) = 2*c**2 - 7*c + 15. Let a(g) = 5*o(g) + 3*r(g). Suppose 0 = -3*d + 4*h + 12, -4*d + 3*h = -17 + 1. What is a(d)?
-3
Let d(q) = 7*q + 19. Let i(s) = -3*s - 9. Let m(z) = 2*d(z) + 5*i(z). What is m(-11)?
4
Let v(g) = -g**3 + 9*g**2 - 9*g + 10. Let q be v(8). Suppose -2*w - 3*i = -0*i - 12, 30 = 5*w - q*i. Let m(x) = -3*x + 1. Give m(w).
-17
Let r(d) = -d**2 - 9*d + 4. Let q(u) = 2*u**2 + 19*u - 9. Let g(z) = -6*q(z) - 13*r(z). Calculate g(-1).
0
Let n be 16/(-6)*(-6)/4. Let d(q) = 3*q**2 + 5*q**2 + 0*q**3 - q**3 - n*q**2. Suppose 3*b - 2*b = 3. Give d(b).
9
Let v(s) = -s + 3. Let x = -5 - -10. Suppose 3*t = i + i + 17, x*t = 4*i + 31. Let w be 10 + 0 + -1 - t. Determine v(w).
-3
Let r = -1157 + 1163. Let d(w) = 4*w - 7. What is d(r)?
17
Let s(z) = -4*z + 2. Let k(x) = -x**3 - 19*x**2 + 2. Suppose 3*i = 5*f - 52, 3 = f + 4. Let w be k(i). Calculate s(w).
-6
Suppose -4*x = 5*n - 31, 4*x = n - 3*n + 22. Let m(z) = -5*z + 5*z**3 - z**2 - 3*z**n - 4*z**2 + 2 - 3*z**3. Let s = 0 + -4. Calculate m(s).
6
Let k = -2214 - -2210. Let q(o) = o**3 + 3*o**2 - 5*o + 1. What is q(k)?
5
Let n(k) = -5*k + 21. Let b(l) = l - 5. Let z(m) = -9*b(m) - 2*n(m). Suppose 6*p - 175 = p. Suppose -p = -4*c - 3*y - 2*y, 3*c + 4*y - 27 = 0. What is z(c)?
8
Let g = -379 - -383. Let c(k) = k**3 + k**2 - k + 1. Let u(l) = 3*l**3 + 6*l**2 + l - 2. Let v(s) = -4*c(s) + u(s). Give v(g).
-18
Let d(g) be the third derivative of g**6/120 - g**5/12 - g**4/8 - g**3/2 - 7*g**2 + 2*g. Calculate d(3).
-30
Let i(t) = t**2 - 6*t - 3. Let v be i(6). Let z = 1 + v. Let c(r) = -r + 1. Let p(b) = 3*b - 5. Let y(m) = -9*c(m) - 2*p(m). Calculate y(z).
-5
Let h(s) be the first derivative of 16*s**3/3 - s**2 - s - 18. Calculate h(-1).
17
Let p(f) = -f**3 - 2*f**2 + 7*f + 1. Suppose 0 = 2*m + 4*l, 0 = -2*l - 5 + 9. What is p(m)?
5
Suppose 14*l = 18*l + 4. Let w(t) = 4*t - 20. Let a(k) = -1. Let j(i) = l*w(i) + 24*a(i). What is j(3)?
-16
Let p(w) be the third derivative of -w**6/120 - w**5/10 - w**4/6 + 7*w**3/2 + 531*w**2. Calculate p(-4).
5
Let t(q) = q. Suppose 127 = -4*s - 121. Let h = -64 - s. Calculate t(h).
-2
Let m(x) = -61*x - 5. Let k(z) = -12*z - 1. Let q(g) = -11*k(g) + 2*m(g). What is q(-1)?
-9
Let h(i) = 7*i**2 - 8*i + 5. Let u(y) = 2*y**2 - y + 2. Let q(b) = -h(b) + 4*u(b). Give q(-2).
-1
Let u(b) = -2 - 471937*b**2 - 6*b + 471936*b**2 - 2. What is u(-6)?
-4
Let g(k) = -k**3 + 3*k**2 - 2. Suppose -56 = -3*o - 14. Let v be (18/21)/(2/o). Suppose 0 = -l + 3*b - v - 0, 2*l = -5*b + 21. Calculate g(l).
-2
Let v(x) = x - 2. Let u(j) = 3*j**3 - j**2 - 2*j - 1. Let z = -37 + 36. Let f be u(z). What is v(f)?
-5
Let o(w) = 100 + 112 - 302 - w**2 + 7*w + 101. Calculate o(8).
3
Let y(x) = 3*x + 23. Let f be y(-11). Let t = f + 4. Let d(b) = -b**3 - 6*b**2 + b + 4. Determine d(t).
-2
Let x = 54 + -52. Let t(n) = 4*n**2 - 11*n**2 - n**3 + 4*n + 11*n**x + n. Let y = 11 + -6. Calculate t(y).
0
Let w(t) = -t + 20. Suppose 4*b - 39 = d, 149*b = 151*b + 2*d - 12. What is w(b)?
11
Suppose 160*g - 139*g - 42 = 0. Let x(s) = s + 1. Let q be x(1). Let z(u) = -5*u**g - 2*u**2 + 4*u**q. Give z(-1).
-3
Let i(n) = n**3 + 5*n**2 + 3. Let v be i(-5). Let m be (-1267)/(-5) - (-15)/25. Let x(g) = -253*g + 5 - 1 + m*g. What is x(v)?
7
Let s(o) = 5*o**3 - 7*o**2 + 2*o + 14. Let w(i) = i**3 + i**2 - 2*i. Let f(h) = -s(h) + 4*w(h). Calculate f(10).
-14
Let o(t) be the third derivative of t**5/40 + 7*t**4/24 + t**3/2 + 2*t**2. Let s(i) be the first derivative of o(i). Calculate s(6).
25
Let l(w) be the second derivative of -w**5/20 - w**3/2 + w**2 + 8*w - 6. Calculate l(-3).
38
Let j(v) be the first derivative of 7*v + 11 - 3/2*v**2. Let b(a) = -a**3 + 8*a**2 + 2*a - 11. Let l be b(8). What is j(l)?
-8
Let a(k) = -4*k + 25. Let d be a(7). Let o(u) = -u + 3 - 3*u**2 + u**2 + 1 + 3*u**2. Let b(p) = -p**2 + 2*p - 5. Let i(r) = d*b(r) - 4*o(r). What is i(-2)?
-1
Suppose 76 = j + 18*j. Suppose 2*y = -2*u + 6, -y + 3*u + u = 2. Let w(r) = r - 3. Let f(l) = -l - 1. Let o(t) = y*f(t) + w(t). What is o(j)?
-9
Let j(m) = 21*m**3 - 13*m**2 - 13*m - 1. Let h(n) = -5*n**3 + 2*n**2 + n + 1. Let g(y) = 4*h(y) + j(y). Determine g(6).
-15
Let j(f) = -f**2 + 7*f + 9. Suppose 0 = 5*d - 2*w - 30, 4*d + 14*w = 19*w + 7. Give j(d).
1
Let w(a) be the second derivative of a**3/6 + 9*a**2/2 + 74*a - 1. What is w(-9)?
0
Suppose 5*m - 4*u + 14 + 29 = 0, -3*m - 13 = 4*u. Let l(v) be the third derivative of v**5/60 + v**4/6 - 5*v**3/3 - 2*v**2. Determine l(m).
11
Let b(h) = -h**3 + 4*h**2 + 2*h - 3. Let f be (2 - (2 - 1))*15. Suppose -a - p + f = 0, -2*a + 2*p = 3*a - 54. Let t = -8 + a. What is b(t)?
5
Let r(t) = 2*t - 3 + 3*t - 8. Let c(i) = i - 2. Let f(s) = -11*c(s) + 2*r(s). What is f(-2)?
2
Suppose 3*m + 6 = 3*g, 0 = g - 3*m + 13 - 19. Let x(t) = t**2 - 2. Calculate x(g).
-2
Let x(q) = -2*q**2 + 3*q - 5. Let c be x(3). Let y be 82/c - (-16)/(-112). Let f(w) = w**2 + 5*w - 2. Give f(y).
4
Suppose 0*g - 8 = 4*q - g, -4*q - 5*g = -16. Let f(k) = -4*k + 0*k + 5*k - 1. Determine f(q).
-2
Let y(j) be the first derivative of 4*j**3/3 - 3*j**2/2 + 205. Give y(2).
10
Let t(n) = 44 + 38 - n - 90. Determine t(-10).
2
Let t(j) = 14*j**3 - j**2. Let h = -2020 + 2021. What is t(h)?
13
Let q be 2 + (0/(-2))/2. Let l(o) be the third derivative of o**5/60 - o**4/24 + o**3/3 + 309*o**2 - 5*o. Calculate l(q).
4
Let y be (2/4)/((-14)/(-4) - 4). Let s(g) = -52*g**3 + 2*g**2 + g. Calculate s(y).
53
Let m(j) = -2*j - 35. Let l(y) = -y - 16. Let h(k) = 13*l(k) - 6*m(k). What is h(-3)?
5
Let z = 8 + -3. Let r(s) = -5*s**2 - 7*s - z*s**2 + 2*s**2 + 9*s**2. Suppose -2*d + b = -13, -3*d + 0 + 16 = -5*b. Determine r(d).
0
Let i(p) = -2*p**2 + 0 - 4*p + 0 + 2*p + 3. Let c = 4 + -4. Suppose c = 4*s - 5*s - 3. What is i(s)?
-9
Let g(u) be the first derivative of -u**5/20 - u**4/4 - u**3/2 - 3*u - 11. Let i(v) be the first derivative of g(v). Let f be 2 - (2 + 0 + 2). Give i(f).
2
Let s(b) = 3*b**3 + 38*b**2 - 2*b - 26. Let c(r) = -r**3 - 13*r**2 + r + 9. Let f be 1 - -4 - (-14)/14. Let y(t) = f*s(t) + 17*c(t). What is y(-6)?
3
Let r(j) = -3*j + 7. Let d be (-3)/4 - 35/(-20). Let w be (d - 1) + (8 - 3). Give r(w).
-8
Suppose -5*a + 5*z + 125 = 0, 2*z = 3*a + z - 75. Suppose 22*y = 14*y + 176. Let r = a - y. Let u(s) = -2*s**2 + s + 1. Give u(r).
-14
Let g(h) = -h**3 + 7*h**2 - 6*h - 6. Let w(x) = -x - 1. Let q be w(-7). What is g(q)?
-6
Let c(z) = z**2 - 5*z + 1. Let j(l) = 3*l**2 - 9*l + 1. Let o = 32 - 34. Let f(m) = o*j(m) + 5*c(m). Let v(x) = -x + 1. Let w be v(5). Determine f(w).
15
Let v(k) = -k**2 - 8*k + 11. Let d be v(-9). Let x be (-1)/(-1) - (-12 + 6). Let c(f) = -f - 3*f + 6*f + 3 - x*f. Determine c(d).
-7
Let m = 0 - -7. Suppose -2*d - 5*x = 